y b?
40
Suppose 957*w + 2734 - 11643 - 10231 = 0. Let d be (1 + -4)*1 + -1. What is the remainder when w is divided by d/(-2) - (-6 - -2)?
2
Let o(r) = 8*r + 148. Let h be o(-18). Suppose y + h*y + 39 = 3*n, 48 = 3*n - 2*y. What is the remainder when 52 is divided by n?
16
Let w be 30/(-9) - 2/(-6). Let v(u) = 1676*u - 1679*u + 2 + 1 - 4 - u**3 + 2. What is the remainder when 184 is divided by v(w)?
36
Let q(b) = -6*b**2 - 7*b + 71. What is the remainder when 236 is divided by q(0)?
23
Let w = -8156 + 8205. Calculate the remainder when 200 is divided by w.
4
Let u(d) = -17*d - 13. What is the remainder when 860 is divided by u(-5)?
68
Calculate the remainder when 272 is divided by (-20)/(-8)*18128/220.
66
Let n = -260 - -275. Let f(q) = 40*q**2 + q + 2. Let l be f(3). Suppose 0 = -4*y, -5*a - y + l = 4*y. Calculate the remainder when a is divided by n.
13
Suppose -18*w + 13*w + g + 6439 = 0, 0 = 3*g - 18. Calculate the remainder when w is divided by 34.
31
Let f(j) = 2*j + 11. Let x(c) = -14*c**3 - 5*c**2 - 3*c. Let y be x(-1). What is the remainder when f(y) is divided by 13?
9
Suppose 5*t + 4*v - 17 = 38, 2*v = t - 25. Suppose -y + 17 + t = 0. Let n = y + -20. Calculate the remainder when 34 is divided by n.
10
Let y = -6976 - -3958. What is the remainder when y/(-42) - (88/(-28) - -3) is divided by 5?
2
Let x = -36169 - -37911. Calculate the remainder when x is divided by 159.
152
What is the remainder when 493 is divided by ((-372)/(-27) + 8/36)*4?
45
Let q(r) = -r**3 - 9*r**2 + 29*r + 4. Let u(j) = -j**3 - 4*j**2 + 15*j - 16. Calculate the remainder when q(-12) is divided by u(-7).
10
Let n = -693 - -550. Let l = n + 218. Calculate the remainder when l is divided by 61.
14
Let f(b) = 11*b + 96. Suppose 5*q + 3*a + 23 = 4*a, 4*q + 3*a = -7. Calculate the remainder when f(-7) is divided by (-4)/(-16) + (-19)/q.
4
Suppose 0 = -118*m + 117*m + 31 - 6. Calculate the remainder when 1947 is divided by m.
22
Suppose -z + 4 = g, 5*g + 3*z - 10 = 14. Let c(t) = 3*t + 0 - 6 + 4 - g. What is the remainder when c(13) is divided by 8?
7
Let t be (2/(-4))/(1/(-6)). Suppose -g + 1 = -t. Suppose l + l + 135 = 5*q, 3*q = 5*l + 62. What is the remainder when q is divided by g?
1
Let x = -46 + 156. Let h = -95 - -114. What is the remainder when x is divided by h?
15
Let w(p) = 16*p + 120. Let b be w(-7). Suppose -6*u + b*u - 492 = -5*f, -4*f - 5*u + 380 = 0. Calculate the remainder when f is divided by 21.
16
Suppose 33 - 105 = 3*h. Let r = h - -39. Let d(m) = m**3 + 8*m**2 + 5*m + 7. Calculate the remainder when d(-3) is divided by r.
7
Suppose 5*o = x - 52, -196 - 173 = -4*x - 3*o. What is the remainder when 247 is divided by x?
73
Let u(l) = -45*l - 21 - 26 - 38 - 25 + 142. Calculate the remainder when u(-3) is divided by 10.
7
Let h be -3 - (17 - 2)/(-5). Suppose -3 + h = -l. Suppose 0 = -l*z + 8*z - 65. Calculate the remainder when z is divided by 2.
1
Let c be (-4)/24 - 3/((-18)/91). Suppose 0 = 19*y - 14*y - c. Suppose h + 0*h - 48 = -y*q, -4*q + 64 = -4*h. What is the remainder when 62 is divided by q?
14
Suppose -4*d - 232 = -4*p, d = -3*p + 159 + 7. Let w be ((-1)/3 - (-5)/15)/3. Suppose w = 12*r - 10*r - 32. Calculate the remainder when p is divided by r.
8
Let i be (36/(-20))/(15/(-50)). Let r(s) = s**3 - 5*s**2 + 8*s - 20. What is the remainder when r(i) is divided by 11?
9
Let b(l) = 2*l**2 - 16*l - 1. Suppose 7*o - 9*o + 8 = 0. Suppose -u + 3*k = 0, o*u + 2*k - 7*k - 21 = 0. What is the remainder when 66 is divided by b(u)?
15
Suppose -5*n - 1311 = -3*k, 2*n + 0*k + k + 531 = 0. Let w = n - -382. What is the remainder when w is divided by 10?
8
Let n be (-3)/18*-6 + -2 + 1. Suppose -y - 2029 = -5*s - 153, -s + 2*y + 368 = n. Calculate the remainder when s is divided by 42.
40
Let w = 11005 + -8912. Calculate the remainder when w is divided by 233.
229
Let g(x) = x**2 - 3*x + 1. Let y be 2/(-2)*(-2)/(-2 - 0). Let h be g(y). Suppose 3*p + 24 = h*p. Calculate the remainder when p is divided by 5.
2
Let d(a) = a**3 - 12*a**2 - 3*a - 112. Calculate the remainder when 791 is divided by d(13).
17
Let u(g) = -98*g - 1951. Calculate the remainder when 1384 is divided by u(-20).
7
Let m = -16 - -16. Suppose y - 4*y + 3*c + 33 = m, c + 63 = 5*y. Suppose -28 = -y*t + 89. Calculate the remainder when 11 is divided by t.
2
Let a = -52 + 101. Let g(o) = 7*o**2 + 2*o - 36. Let p be g(-6). Let l = 229 - p. What is the remainder when a is divided by l?
24
Suppose 92*a + 8434 - 80594 = 39712. Calculate the remainder when a is divided by 53.
50
Let p = -493 - -822. Calculate the remainder when p is divided by ((-9)/18)/(-4 - (-1581)/396).
65
Let x = -87 + 131. Let b = x + 18. What is the remainder when b is divided by (12/10)/((-45)/(-600))?
14
Suppose 323 + 145 = -13*x. Calculate the remainder when 81 is divided by x/126 + 149/7.
18
Suppose 3*x - 2*x - 19 = 0. Let v = 53742 + -53535. Calculate the remainder when v is divided by x.
17
Let f = 306 + -190. Suppose 5*o - o - 149 = -3*i, -f = -3*o + 2*i. Calculate the remainder when o is divided by 27.
11
Let q(n) = n**3 - 51*n**2 + 44*n + 353. Let a = -18 + 22. Suppose -770 = a*j - 9*j. Calculate the remainder when j is divided by q(50).
48
Suppose q = 3*c + 533, 5*q - 25 = -0. Let p = 192 + c. What is the remainder when 110 is divided by p?
14
Suppose -3*b - 2*b = -420. Calculate the remainder when b is divided by 261/12*(34/21 - 4/14).
26
Let v(d) be the first derivative of 10*d**3/3 - 31*d**2/2 + 57*d - 88. Calculate the remainder when 60 is divided by v(2).
25
Let v = 3904 - 3888. Calculate the remainder when (11 - 37)*(-22)/4 is divided by v.
15
Calculate the remainder when ((-928)/1160)/((-4)/985) is divided by 24.
5
Suppose -t + 0*y - 5 = -2*y, -5*y + 35 = 5*t. Suppose 6*u = 3*u + t*x, 5*x - 4 = u. What is the remainder when 121 is divided by 35 - u - (-6 - -9)?
28
Suppose -177*r = -178*r + 68. What is the remainder when 414 is divided by r?
6
Let i = 225 + -60. Let g = i + -262. Let o = g - -217. Calculate the remainder when o is divided by 62.
58
Let i = 62 + -57. Suppose -i*b + 485 = 5*x, -b - 134 = -5*x + 327. What is the remainder when x is divided by 29?
6
Suppose 4*s + 1 + 51 = 2*a, -2*s = 4*a - 54. Let r be ((-52)/(-6))/(6/(-18)). Let f = 84 + r. Calculate the remainder when f is divided by a.
10
Let p = 25985 + -25690. What is the remainder when 318 is divided by p?
23
Suppose m - 43 = -4*l, -5*l - 7*m = -3*m - 40. Suppose -l*c = -22*c + 60. What is the remainder when 9 is divided by c?
3
Let f = -42 + 21. Let b = f + 48. Suppose -s + b = 2*s. What is the remainder when s is divided by 6?
3
Let v(j) = -74*j**3 - 16*j**2 - 39*j - 33. Calculate the remainder when v(-2) is divided by 52.
1
Suppose -3*w + 372 = -3*d, 0 = 2*w - 8*d + 11*d - 263. Calculate the remainder when 286 is divided by w.
32
Let b(o) = 266*o + 1168. Calculate the remainder when b(7) is divided by 24.
6
What is the remainder when 115 is divided by ((-165)/(-90))/((-1)/(-6))?
5
Let o = -2503 - -2639. Calculate the remainder when o is divided by 119.
17
Let v = -3551 - -3588. Let x(t) = -4*t**3 + 5*t**2 + 3*t + 1. Calculate the remainder when x(-3) is divided by v.
34
Suppose -293 - 97 = -6*b. Calculate the remainder when 61 is divided by 136/10 - 39/b.
9
Let u(j) = j**3 - j**2 + 1. Let x be u(0). What is the remainder when 85 is divided by (-9)/(-2*x/6)?
4
Let w(x) = x**3 - 8*x**2 + 8*x + 5. Let z be (-1 - -23)*2/4 + 0. Let q(a) = -a**2 + 19*a - 30. What is the remainder when q(z) is divided by w(7)?
10
Calculate the remainder when 452 is divided by (-405)/(-108)*(-1)/((-4)/128).
92
Suppose 0 = 5*d - 0 - 15. Suppose 5*g + d*i = 71, 3*i + 3 = 2*i. What is the remainder when 6/(-20)*4*(-200)/g is divided by 4?
3
Suppose 114 = 2*j - 4*q, -j + 4*q + 99 = 36. Suppose 9 - j = -2*d. Calculate the remainder when d is divided by 7.
0
Calculate the remainder when 441 is divided by (19 - 1308/60)*50/(-7).
1
Suppose -2*b = -2, -y + 5*b + 5 = y. Suppose -y = -10*s + 25. Suppose 5*o = -s*z + 14, z - 2 = 2*z. What is the remainder when o is divided by 2?
0
Let r = 12 - 34. Let d = -22 - r. Suppose d*i + 2*i + c - 48 = 0, 3*i - 79 = -5*c. Calculate the remainder when i is divided by 12.
11
Let w(x) = -x**3 + 10*x**2 + 10*x + 6. Let j be w(10). S